 = -601*q - 14. Let j(l) = 328*l + 6. Let n(g) = 6*f(g) + 11*j(g). Calculate n(b).
4
Suppose 3*m = 2*u + 46, 2*u + 64 = 5*m + 5*u. Let r(q) = -6*q + 3*q + 28*q + 3 - m*q. Determine r(3).
36
Let v(p) = -p**2 + 6*p - 2. Suppose -5*a + 7 = -18. Let x be ((-50)/(-4))/(-5)*(-12)/15. Suppose -x*l - 4*g + 18 + 10 = 0, 2*l + 8 = a*g. Calculate v(l).
-2
Let p(y) = 11*y**2 + 68*y + 35. Let d(b) = 3*b**2 + 22*b + 12. Let g(i) = -7*d(i) + 2*p(i). Calculate g(20).
26
Let w be (-56)/10 - (-5110)/350. Let j(r) be the first derivative of r**2/2 - 15*r - 2. Calculate j(w).
-6
Let r(w) = 10*w + 29. Let o(s) = -3*s**2 + 5*s + 22. Let m be o(4). Give r(m).
-31
Let i(v) = 2*v**2 + 1 - 1 - v + 5*v**3. Suppose 56*k + p - 3 = 58*k, -p = 4*k + 9. Determine i(k).
-30
Let d be (29 - 33) + (11 - 1). Suppose -36 = d*f - 72. Let i(p) = -p**2 + 7*p + 1. Determine i(f).
7
Let g(z) = z**3 + 14*z**2 + 13*z - 3. Let h(q) = -q**3 + 6*q**2 - 7*q - 3. Suppose 0 = 4*n + 6 - 26. Let x be h(n). Determine g(x).
-3
Let o(s) = s**3 - s**2 - 1. Let r(h) = -7*h**2 - 12*h - 7. Let g(k) = o(k) + r(k). Determine g(10).
72
Let g(w) be the second derivative of w**5/20 - 3*w**4/4 - 4*w**3/3 - 10*w**2 - 2*w + 306. Determine g(10).
0
Suppose 6*n = 4*n. Suppose b + b - 40 = n. Suppose -55*p = -50*p + b. Let c(m) = 3*m + 4. Give c(p).
-8
Let m(s) be the first derivative of -5*s**2/2 + 10*s - 454. Calculate m(7).
-25
Let u(y) be the first derivative of -3*y**2/2 - y - 1. Let t(n) = 3*n + 2. Let o(l) = 3*t(l) + 4*u(l). Suppose x - 6*x + 15 = 0. What is o(x)?
-7
Let j = -33 - -35. Let k be 0/2 + (6 - (j + 1)). Let d(f) = -k*f**2 + 0*f**2 + 206 + 2*f - 205. Calculate d(-2).
-15
Let y(i) be the first derivative of -5*i**4/4 + 8*i**3/3 - i**2/2 - 2*i - 70. Let z(t) = -11*t**3 + 17*t**2 - 2*t - 4. Let j(h) = 13*y(h) - 6*z(h). Give j(2).
12
Let u(f) = -2*f**2 + 39*f - 36. Suppose -186 = t - 204. Calculate u(t).
18
Let k(m) be the second derivative of -7/3*m**3 - 90*m + 2 - 1/2*m**2. Determine k(1).
-15
Let d(y) = -9*y - 14. Let z(k) = 2*k**2 - 34*k - 79. Let i be z(-2). What is d(i)?
13
Let v(y) = -8291 + y**2 + 16597 - 39*y - 8247. What is v(38)?
21
Suppose -9*z - 9 = 3*m - 6*z, 0 = 4*m - 2*z - 18. Suppose -7*r - m*q - 12 = -3*r, 2*r - 2 = -5*q. Let j(v) = -2*v - 8. Determine j(r).
0
Let i be ((-9)/(-21))/((-2)/(-98)*7). Let k(t) = 32 + i + t + 2 - 16. Determine k(-9).
12
Let t be (-15)/(-4) + (-6)/(-24). Let k(u) = u. Let c(f) = 3*f + 1. Let r(a) = t*k(a) - c(a). Suppose 78 = b + 12*b. Calculate r(b).
5
Suppose -5*o + 18 = 3*b, -5*b - 12 = -7*b - 4*o. Let q(r) = -7*r - 8. Let g(m) = 8*m + 6. Let w(t) = b*q(t) + 5*g(t). Calculate w(-12).
6
Let v = -604 + -79. Let h = v + 1218. Let m(u) = 540 + u**3 - u**2 - h + 0*u**3. What is m(0)?
5
Let m(q) be the second derivative of -11*q - 1/2*q**3 + 1/24*q**4 + 9/2*q**2 + 0. Let w(n) be the first derivative of m(n). What is w(-5)?
-8
Suppose -104*j + 25*j = 1817. Let k(n) = -n**3 - 23*n**2 - n + 45. Calculate k(j).
68
Let z(p) = -p**3 - 17*p**2 + 20*p + 39. Suppose 4*a + a - 255 = 0. Suppose -57 - a = 6*w. Let m be z(w). Let j(c) = -2*c + 4. What is j(m)?
-2
Let f = 2119 + -2112. Let t(p) = -5*p + 30. Calculate t(f).
-5
Let l(n) = -4704*n**2 - 8*n - 1 + 2350*n**2 + 2353*n**2. Determine l(-8).
-1
Let b(w) = w - 3. Let y(v) = 2*v - 2. Let o = -272 + 273. Let u(d) = o*b(d) - y(d). What is u(6)?
-7
Let d = -5 + 7. Let q be 3/d*(1 - 5). Let j(l) be the second derivative of -l**5/20 - 7*l**4/12 - 2*l**3/3 + 14465*l. Determine j(q).
-12
Let n(g) be the third derivative of -2/3*g**3 + 42*g**2 + 1/12*g**4 + 0 + g. Calculate n(-5).
-14
Suppose 3*v - 18 = -2*n, 3*n = -n - 3*v + 30. Let q(h) = -7*h - 48. Let f be q(-8). Let d(y) = f*y + 4 - 8*y + 5*y - 4*y. Give d(n).
10
Let h(d) = -12 - 2169*d**2 - 17 - d**3 + 2173*d**2 + 10*d. What is h(5)?
-4
Let m(a) be the first derivative of 4*a**3 - 3*a**2 + 3*a - 1661. Calculate m(1).
9
Let a(b) = -b**3 - 7*b**2 - 8*b - 3. Let v be a(-6). Suppose 0 = -3*y - 0 + v. Let g(r) = 4*r**3 + 8*r**2 + 9*r**3 - 15*r**3 - 5*r + r**y - 10. What is g(7)?
4
Suppose f = -2*c + 14, -4*f - 26 = -2*c - 2*f. Let o(y) = -3*y - c + 41 - 8 - 11 - 7. Determine o(3).
-3
Suppose 12*u - 7*u - 50 = 0. Suppose -130 + 190 = -u*f. Let r(c) = c**2 + 3*c + 0*c**2 - 2 + 2*c. What is r(f)?
4
Let x(d) = -10 - 1 - 60*d**2 - 60*d**2 - 3*d + 118*d**2. Calculate x(-5).
-46
Let c = -178 - -194. Suppose 0 = 5*k - 3*u + c + 31, -2*k + 2*u = 22. Let h(b) = 3*b**2 + 9 - b**3 + 3*b - 10*b**2 - 2*b. Calculate h(k).
2
Let t(j) = -j**2 + 6*j + 3. Let r(a) = a**2 + 25*a - 653. Let z be r(16). Calculate t(z).
12
Let i(n) = n**2 - 7*n + 3. Suppose -1760 = -60*r - 100*r. Determine i(r).
47
Let j be (4/18)/(-3 + (-28)/(-9)). Let r(n) = -3*n**j - 35*n + 13 + 2*n**2 + 29*n. Give r(-9).
-14
Let p(g) = 5*g + 9. Let u(y) = y + 2. Let w(o) = -2*p(o) + 9*u(o). Let s be -3 + -2 + (-2 - 100). Let c = s - -111. Determine w(c).
-4
Let o(j) = j**2 - 6*j + 4. Suppose -5*p - 3 = 3*a, -3*p - 6 + 7 = -a. Suppose -y + 2 + p = -r, 4*r = -y - 3. Let w be (-3 - y)/4*-7. Determine o(w).
11
Let j(v) = -114*v - 3423. Let s be j(-30). Let r(k) be the first derivative of k**4/4 + 2*k**3/3 - 5*k**2/2 - 2*k + 1. Determine r(s).
4
Let l = 56 + -57. Let c(k) = 5*k**3 - 7*k**2. Let w(t) = -6*t**3 + 8*t**2. Let u(q) = 7*c(q) + 6*w(q). Give u(l).
0
Let r = -25 - -35. Suppose l - 35 = -5*u, -15 + 9 = -2*u - 2*l. Let a(t) = r*t + 11*t + u - 22*t. Calculate a(11).
-3
Let s(m) = 5*m**3 - 26*m**2 + 19*m - 74. Let u be s(5). Let k(a) = -16*a - 21. Determine k(u).
43
Let f(x) = -11*x**3 + x**2 - x - 1. Let g be f(-1). Suppose -g*s = -11*s. Let m(y) = 0*y**2 + s*y - 4*y**2 - 2*y**2 + 3*y - 1. Calculate m(2).
-19
Suppose 2*j + 57 = 57. Let o(s) = -100 + 3*s + 6*s**2 + 94 + s**3 + j*s. Determine o(-5).
4
Let s = -603 - -604. Let l be s/3*(-52 - -34). Let q(w) = w**3 + 5*w**2 - 8*w - 12. What is q(l)?
0
Let x(c) = c**3 + 6*c**2 - 2*c + 2. Suppose -30*k - 252 = -37*k. Let o be 69/k*-3 + (-2)/8. Calculate x(o).
14
Let c be (-21 - -41) + -29 - -14. Let q(f) = 19*f**2 - 96*f + 11. What is q(c)?
6
Let u = -1003 + 1408. Let t = 406 - u. Let y(m) = -15*m**2 + 3*m - 2. Determine y(t).
-14
Let m(b) = b**2 + 6*b - 1. Suppose -z + 2*z = -9. Let v(t) be the second derivative of -t**4/12 - 4*t**3/3 + 3*t**2/2 - 89*t. Let l be v(z). Determine m(l).
-1
Suppose -10*t = 13 + 7. Let x be (0 - 1 - t)/1. Let m(r) = x + 15*r - 3 - 16*r + 3. Determine m(6).
-5
Suppose -3*l = -8 - 16. Let k(c) = -3*c - c**3 - 24*c**2 + 31*c**2 + 18*c - 14. Let w(g) = g**3 - 7*g**2 - 16*g + 15. Let m(s) = -6*k(s) - 5*w(s). Give m(l).
-7
Let l = 24 - 17. Let i be (6 - l) + (7 - 0). Let h(y) = 1372*y + 1377*y + y**2 - 4135*y + 1381*y. What is h(i)?
6
Suppose 26*z - 30*z + 292 = 0. Suppose -77 + z = -2*m. Let q(k) = 4 - 46*k**2 - 2 + 5*k + 45*k**m + 1. What is q(6)?
-3
Suppose 0 = 5*y + 307 - 357. Let v(g) = y*g**2 + 7 - 7*g**2 + 0 + 4*g**2 - g**3. Calculate v(7).
7
Let o(v) = -v**2 - 2*v + 2. Suppose 21 + 2 + 41 = 16*h. Calculate o(h).
-22
Suppose 2*u - 17 + 33 = 0. Let l be ((-5)/15)/(u/144). Let j(i) = i**3 - 7*i**2 + i + 5. Determine j(l).
-25
Let a(d) = 31*d**2 - 58*d + 9. Let n(l) = 11*l**2 - 20*l + 3. Let q(g) = 6*a(g) - 17*n(g). Let r be 48/(-7) - (-14)/(-98). Determine q(r).
10
Suppose -37*m = -14*m + 7*m + 300. Let t(h) = -4*h - 29. Determine t(m).
11
Suppose 16 = 4*q, -5*t = -3*q - 1 - 7. Let i(h) be the third derivative of h**4/24 - h**3/2 - 3514*h**2. What is i(t)?
1
Let l(s) = 33*s**3 - 22*s**3 + s**2 - 12*s**3 + s - 1. Let z(n) = n**3 - n**2 + 8*n - 8. Let c be z(1). What is l(c)?
-1
Suppose -u - 12 = -21*j + 22*j, 42 = -3*j - 4*u. Let b(p) = p**3 + 9*p**2 + 13*p - 12. What is b(j)?
18
Let r(g) = -8*g - 2. Let o(z) = 13*z + 3. Let c(t) = -3*o(t) - 5*r(t). Let s be (-70)/7 + 4 + 11. Calculate c(s).
6
Suppose 2*w + 5*g + 65 = 0, g - 110 = 3*w - 55. Let o(j) = -j**3 - 20*j**2 + 2*j + 14. Determine o(w).
-26
Let l(t) = -5*t + 14*t - 6*t - 15. Let c(y) = y**2 - 6*y - 66. Let o be c(-6). Determine l(o).
3
Let l(o) = 11*o + 14. Let u(i) = -13*i - 16. Let f(x) = -6*l(x) - 5*u(x). Let w(r) = -5*r - 11. Let d(p) = 6*f(p) - w(p). Give d(-12).
-1
Suppose 20 - 8 = 3*l. Let s = l - 7. Let x(b) = -b**3 + b**2 + 3*b - 38. Let r(c) = 2*c**3 - 9*c**2 - 16*c + 151. Let v(